{"id":140,"date":"2023-02-13T02:31:31","date_gmt":"2023-02-13T02:31:31","guid":{"rendered":"https:\/\/sprachenservice-sued.de\/?page_id=140"},"modified":"2023-02-18T23:01:10","modified_gmt":"2023-02-18T23:01:10","slug":"sprachen","status":"publish","type":"page","link":"https:\/\/sprachenservice-sued.de\/?page_id=140","title":{"rendered":"Sprachen"},"content":{"rendered":"<ul>\n<li><span style=\"color: #000000;\"><strong>Afrikaans, Albanisch, Amharisch, Arabisch, Armenisch, Aymara<br \/>\n<\/strong><\/span><\/li>\n<li><span style=\"color: #000000;\"><strong>Baskisch, Bengalisch, Bosnisch, Bulgarisch, Burmesisch<br \/>\n<\/strong><\/span><\/li>\n<li><span style=\"color: #000000;\"><strong>Chinesisch<\/strong><\/span><\/li>\n<li><span style=\"color: #000000;\"><strong>Dari, D\u00e4nisch, Deutsch<\/strong><\/span><\/li>\n<li><span style=\"color: #000000;\"><strong>Englisch, Estnisch<\/strong><\/span><\/li>\n<li><span style=\"color: #000000;\"><strong>Finnisch, Fl\u00e4misch, Franz\u00f6sisch<\/strong><\/span><\/li>\n<li><span style=\"color: #000000;\"><strong>Galizisch, Georgisch, Geb\u00e4rdensprache, Griechisch<\/strong><\/span><\/li>\n<li><span style=\"color: #000000;\"><strong>Hebr\u00e4isch, Hindi<\/strong><\/span><\/li>\n<li><span style=\"color: #000000;\"><strong>Indisch, Indonesisch, Irisch, Isl\u00e4ndisch, Italienisch<\/strong><\/span><\/li>\n<li><span style=\"color: #000000;\"><strong>Jiddisch, Japanisch<\/strong><\/span><\/li>\n<li><span style=\"color: #000000;\"><strong>Kasachisch, Katalanisch, Kirkisisch, Kroatisch, Kurdisch, Koreanisch<\/strong><\/span><\/li>\n<li><span style=\"color: #000000;\"><strong>Lateinisch, Lettisch, Litauisch, Luxemburgisch<br \/>\n<\/strong><\/span><\/li>\n<li><span style=\"color: #000000;\"><strong>Malaiisch, Maltesisch, Mazedonisch, Moldawisch, Mongolisch, Montenegrisch<br \/>\n<\/strong><\/span><\/li>\n<li><span style=\"color: #000000;\"><strong>Nepalisch, Norwegisch, Niederl\u00e4ndisch<\/strong><\/span><\/li>\n<li><span style=\"color: #000000;\"><strong>Pashtu, Persisch, Polnisch, Portugiesisch, Punjabi<\/strong><\/span><\/li>\n<li><span style=\"color: #000000;\"><strong>Rum\u00e4nisch, Russisch<br \/>\n<\/strong><\/span><\/li>\n<li><span style=\"color: #000000;\"><strong>Schwedisch, Serbisch, Slowenisch, Slowakisch, Sorani, Spanisch<br \/>\n<\/strong><\/span><\/li>\n<li><span style=\"color: #000000;\"><strong>Tadschikisch, Taiwanesisch, Thail\u00e4ndisch, Tschechisch, Tschetschenisch, T\u00fcrkisch, Turkmenisch<\/strong><\/span><\/li>\n<li><span style=\"color: #000000;\"><strong>Uigurisch, Ukrainisch, Ungarisch, Urdu, Usbekisch<\/strong><\/span><\/li>\n<li><span style=\"color: #000000;\"><strong>Walisisch, Wei\u00dfrussisch, Vietnamesisch<\/strong><\/span><\/li>\n<li><strong>uvm.<\/strong><\/li>\n<\/ul>\n","protected":false},"excerpt":{"rendered":"<p>Afrikaans, Albanisch, Amharisch, Arabisch, Armenisch, Aymara Baskisch, Bengalisch, Bosnisch, Bulgarisch, Burmesisch Chinesisch Dari, D\u00e4nisch, Deutsch Englisch, Estnisch Finnisch, Fl\u00e4misch, Franz\u00f6sisch Galizisch, Georgisch, Geb\u00e4rdensprache, Griechisch Hebr\u00e4isch, Hindi Indisch, Indonesisch, Irisch, Isl\u00e4ndisch, Italienisch Jiddisch, Japanisch Kasachisch, Katalanisch, Kirkisisch, Kroatisch, Kurdisch, Koreanisch Lateinisch, Lettisch, Litauisch, Luxemburgisch Malaiisch, Maltesisch, Mazedonisch, Moldawisch, Mongolisch, Montenegrisch Nepalisch, Norwegisch, Niederl\u00e4ndisch Pashtu, Persisch, Polnisch, [&hellip;]<\/p>\n","protected":false},"author":1,"featured_media":0,"parent":0,"menu_order":3,"comment_status":"closed","ping_status":"closed","template":"","meta":{"footnotes":""},"class_list":["post-140","page","type-page","status-publish","hentry"],"_links":{"self":[{"href":"https:\/\/sprachenservice-sued.de\/index.php?rest_route=\/wp\/v2\/pages\/140","targetHints":{"allow":["GET"]}}],"collection":[{"href":"https:\/\/sprachenservice-sued.de\/index.php?rest_route=\/wp\/v2\/pages"}],"about":[{"href":"https:\/\/sprachenservice-sued.de\/index.php?rest_route=\/wp\/v2\/types\/page"}],"author":[{"embeddable":true,"href":"https:\/\/sprachenservice-sued.de\/index.php?rest_route=\/wp\/v2\/users\/1"}],"replies":[{"embeddable":true,"href":"https:\/\/sprachenservice-sued.de\/index.php?rest_route=%2Fwp%2Fv2%2Fcomments&post=140"}],"version-history":[{"count":23,"href":"https:\/\/sprachenservice-sued.de\/index.php?rest_route=\/wp\/v2\/pages\/140\/revisions"}],"predecessor-version":[{"id":710,"href":"https:\/\/sprachenservice-sued.de\/index.php?rest_route=\/wp\/v2\/pages\/140\/revisions\/710"}],"wp:attachment":[{"href":"https:\/\/sprachenservice-sued.de\/index.php?rest_route=%2Fwp%2Fv2%2Fmedia&parent=140"}],"curies":[{"name":"wp","href":"https:\/\/api.w.org\/{rel}","templated":true}]}}